655*c - 854. What is the highest common divisor of 4331 and c?
61
Suppose -103 = -4*i - v, -v = 3*i - 5*v - 101. Let s = 203 + -134. Suppose -9*n = 14*n - s. What is the highest common divisor of n and i?
3
Let f = 7891 + -7867. What is the highest common divisor of 6492 and f?
12
Let f(n) = -22*n + 17. Let t be f(-7). Suppose 19*d - 69*v = -71*v + 700, -5*d = 5*v - 220. What is the highest common divisor of t and d?
9
Let r(t) = 28*t**2 + 2*t - 2. Let g be r(1). Suppose g = 5*v - 17. Calculate the greatest common divisor of v and 27.
9
Suppose 0 = -140*w + 252*w - 20720. Calculate the highest common divisor of 8880 and w.
185
Suppose 3*n - 510*y - 60765 = -506*y, -2*n - 4*y = -40550. Calculate the greatest common factor of n and 23.
23
Let w(q) = q**2 + 2*q + 2. Let i be w(-4). Let o = 15 + -6. Let g be (o/((-225)/20))/((-4)/550). What is the highest common factor of i and g?
10
Suppose 0 = 34*k - 492 - 800. What is the highest common divisor of k and 9101?
19
Suppose -24*o = -168 + 360. Let q(p) = -p - 1. Let i(m) = -36*m - 17. Let x(j) = i(j) + 5*q(j). Let r be x(o). Calculate the highest common divisor of 34 and r.
34
Let d(a) = 56*a - 49. Let w be d(3). What is the greatest common divisor of w and 289?
17
Let z(m) = 3*m**2 - 30*m - 216. Let v be z(-10). What is the highest common factor of 18 and v?
6
Let b be 5/25 - ((-34)/5 + 4). Suppose 60 = g + 2*g - b*v, -v - 80 = -5*g. What is the greatest common divisor of g and 10?
5
Let t(r) = -r**2 + 29. Let p(v) = 2*v**2 + 11*v + 12. Let y be p(-4). Let u be t(y). What is the greatest common factor of 203 and u?
29
Suppose -13*b + 493 = -1890 - 191. Calculate the greatest common divisor of 682 and b.
22
Let c(b) = b**2. Suppose 10*o = 7*o + 6. Let s(p) = p**2 - 8*p - 1. Let y(t) = o*c(t) - s(t). Let g be y(-9). What is the greatest common divisor of 5 and g?
5
Suppose 5*t = 4*v + 952, -5*t + 5*v - 465 + 1410 = 0. What is the highest common divisor of t and 8232?
196
Let r(j) = j**2 + 8*j - 105. Let v be r(-28). What is the highest common divisor of v and 26?
13
Let d(x) = 6*x**2 - 277*x + 11. Let o be d(48). What is the highest common factor of 343 and o?
49
Suppose -49175 = -42*s + 24745. What is the greatest common divisor of 128 and s?
32
Let o be (677 - 1) + (-17)/(-102)*-6. Calculate the highest common factor of 25 and o.
25
Let x(v) = v**3 + 18*v**2 - 9*v - 776. Let t be x(-14). What is the greatest common divisor of 2 and t?
2
Let t(g) = -25*g - 829. Let o be t(-61). What is the greatest common divisor of 1128 and o?
24
Suppose 144 = 14*s - 150. What is the greatest common factor of s and 609?
21
Suppose 0 = -38*r + 49*r + 2288. Let b = -56 - r. What is the greatest common divisor of 133 and b?
19
Let g(m) = m**2 - 3*m + 4. Let y be g(2). Let i be 6 - ((-42)/28)/(3/(-8)). Let d be (24/(-15))/(i/(-20)) - -2. Calculate the highest common divisor of d and y.
2
Suppose g + 36 = -2*g. Let l = 27 + g. Let o be ((-568)/426)/((-4)/585). Calculate the greatest common divisor of l and o.
15
Let j = -32071 - -32869. Calculate the greatest common factor of j and 1881.
57
Let n be 476/102*55029/119. What is the highest common divisor of 78 and n?
26
Let r = 39 + -59. Let d(v) = -3*v - 38. Let b be d(r). Suppose 0 = 3*l - 2*o + 3 - 98, l = -o + 35. What is the greatest common divisor of b and l?
11
Suppose -3*y = -12, -15 = -r - 3*y + 1. Let q(n) = 392*n - 3114. Let x be q(8). Calculate the highest common factor of x and r.
2
Let h(z) = 30*z**2 + 110*z - 182. Let n be h(-5). Calculate the highest common factor of 23796 and n.
18
Suppose 0 = -l + 3*v + 15, 2*v + 5 = -5*l - 3*v. Suppose 2*q = -x + 348, 2*x = -l*q - 2*x + 517. What is the greatest common factor of q and 50?
25
Suppose 31*o - 195688 = -370*o. Calculate the highest common divisor of o and 5978.
122
Suppose -6 = -3*z - 0*z. Suppose z*n + 44 = 3*n. Suppose -22*j = -78 - 10. Calculate the greatest common divisor of j and n.
4
Let a(c) = -598*c - 33. Let k be a(-3). Suppose k*r + 2232 = 1769*r. What is the highest common factor of r and 9?
9
Suppose 2*d + 2*s - 146 = -2*d, -5*s = -3*d + 103. Let h be 3 - (-7)/((-28)/(-108)). What is the greatest common factor of d and h?
6
Suppose -4*p - 1790 + 12955 = f, 0 = -2*p - 5*f + 5569. What is the greatest common divisor of 8 and p?
8
Let c = -600 - -603. Suppose -c*f = -3*r + 219, -r - r + 5*f = -137. What is the highest common factor of r and 190?
38
Let v = 6613 + -5555. Calculate the highest common factor of v and 207.
23
Let u(y) = 3*y**2 + 7*y + 29. Let i be u(-3). Let f(k) = -9*k + 7. Let h be f(-2). Calculate the greatest common divisor of i and h.
5
Let y = 50 - 23. Suppose 5*d - 99 = 2*a, a - 5*a - y = -d. Suppose 3*f + m - d = -f, -16 = -4*f - 4*m. What is the greatest common factor of f and 2?
1
Suppose 9*l = -4*l + 221. Suppose 16*u - 6*u - 2720 = 0. Calculate the greatest common divisor of u and l.
17
Suppose -294 = f - 4*f + 5*d, 3*f - 294 = -5*d. Suppose 2283 + 629 = 208*l. Calculate the greatest common divisor of f and l.
14
Suppose 3*n = -4*j + 340, -3*j + 35*n = 37*n - 256. Calculate the greatest common divisor of 649 and j.
11
Suppose -13 = -3*b - 25. Let k(r) = 4*r**2 + r - 6. Let n be k(b). Calculate the highest common factor of n and 6.
6
Let g be 44/(-110)*19950/(-12). Calculate the highest common factor of g and 10.
5
Let q(t) = -2*t**3 + 191*t**2 - 94*t + 13. Let r be q(95). What is the greatest common factor of 756 and r?
108
Let s = -44 + 363. Let x(i) = i**3 + 5*i**2 - 8*i - 50. Let p be x(-5). Let r be ((-4)/(-14))/(p/(-1015)). Calculate the highest common factor of s and r.
29
Suppose -273*k = -279*k + 1626. Let c = -260 + k. What is the greatest common divisor of 341 and c?
11
Let w = -4297 + 4298. Suppose 5*h + 3*a - 4 = -0, -3*h - a + 4 = 0. What is the greatest common factor of w and h?
1
Let r = 16191 - 9714. What is the highest common factor of r and 102?
51
Suppose 19 = -r + 21, 3*v - 4*r - 10 = 0. Let x = 5 + 2. Let f be (-2)/x + (-60)/(-14). Calculate the greatest common factor of v and f.
2
Let y(p) = p**3 - 83*p**2 - 91*p + 237. Let x be y(85). What is the greatest common divisor of 88 and x?
88
Let s be (-192)/(-46)*11 - (-460)/5290. Calculate the highest common factor of 3772 and s.
46
Suppose -q - 1 - 3 = 0. Let k be (166 + q)/(6/8). Suppose 0 = -3*m + 5*j + 97, 4*m - 3*j - 121 = 2*j. What is the highest common factor of m and k?
24
Suppose -72 = -a - a + 5*z, -5*z = -10. Suppose 3*n + 2*b - 37 = a, -39 = -n - 5*b. Calculate the greatest common divisor of 42 and n.
6
Let l(c) = 9*c**2 - 7*c + 28. Let y(a) = -7*a + 66. Let p be y(9). Let w be l(p). Calculate the highest common divisor of w and 22.
22
Let r be (7 + -3 - 0) + -52 + 71. Let b = 124 - -60. What is the greatest common factor of r and b?
23
Let a be (147/28)/(3/32). Let f = -38 + a. Suppose 0 = -b + f + 8. What is the highest common divisor of b and 26?
26
Suppose 4*d = 4*r - 16, 3*r + 2*r - 6 = -2*d. Suppose -n - 980 - 204 = -4*v, r*v + 2*n = 602. Calculate the highest common divisor of 33 and v.
33
Let g(h) = -14*h - 11. Let s be g(-1). Suppose s*r + 0 - 6 = 0, 3*t + 5*r = 67. Calculate the greatest common divisor of t and 323.
19
Let i be 686 - (-15 - (-28 + 12)). What is the greatest common factor of i and 15?
5
Let y(z) = -z**3 - 30*z**2 - 49*z + 60. Let s be y(-30). What is the highest common factor of s and 72?
18
Suppose 31*g - 10467 = 11*g + 113. Calculate the highest common divisor of g and 299.
23
Let u be 1/2 - 57/(-2). Let d(q) = -q**3 + 3*q**2 + 32*q - 112. Let m be d(4). Suppose 26*f - u*f + 15 = m. Calculate the greatest common factor of f and 25.
5
Suppose 0 = -5*q + 26*q - 672. Suppose -3*h = -9, 12 = x + 4*h - q. What is the highest common factor of x and 928?
32
Let z = -29 - -30. Let t be z/((1/2)/(18/4)). Let o be 14*7 + t + -8. Calculate the highest common factor of 9 and o.
9
Let o(u) = 521*u + 12754. Let x be o(-15). What is the greatest common divisor of x and 55?
11
Let x be -89*(7/((-224)/12) - 165/(-120)). Let t be ((-8)/(-6))/(2/180). Let r = x + t. Calculate the highest common divisor of r and 279.
31
Let b = 140 - 128. Let l be (-147)/((-4)/(3 - 7)). Let m = -51 - l. What is the greatest common factor of b and m?
12
Suppose 0 = 9*p - 443 - 1438. Let f = -271 - 